s -3 + 0 + -1 - (34 + 40 + -68)?
-10
What is the value of 216 + -35 + -5 + -88?
88
What is -143 + (34 - 3 - -6)?
-106
3 + (71 - 74 - 41)
-41
What is 20 - (97 - (-22 + 137))?
38
Calculate 0 + (1 - 3) + 2 + -57 + 59.
2
What is the value of -3 - (-1 - (-2 - (2 - -10)) - (3612 - 3623))?
-27
Evaluate 20 + (-6 - (-7 + 10)) + (56 - 1).
66
What is the value of -1 - -52 - 5 - (1491 - 1423)?
-22
Calculate (44 + -75 - -43 - (0 + -1)) + -5.
8
Calculate 8 + (70 - 5) + -1 + -173 + 187.
86
What is 48 + (-71 - (-12 + -23))?
12
-5 - ((19 - -10 - (-8 + -1)) + 3 + -6)
-40
(-31 - (-30 - -17)) + -17 + 106
71
What is the value of 0 + -23 + -39 + 17 + 46?
1
Calculate -852 - -845 - (6 + -2) - (10 + 0).
-21
-8 - (1 + -87 + (10 - (-16 + 21)))
73
What is the value of -97 + (-12 - -3 - (-36 + 8)) + -19?
-97
What is (64 - (-7 + (16 - (13 + -12)))) + (-7 - 0)?
49
Evaluate 847 - 820 - (0 + 5) - -49.
71
What is the value of (57 - 78) + 44 - 38?
-15
Evaluate -5 + ((-2 - 6) + 3 - (10 + 71)) + 10.
-81
-142 + (34 - (8 - 17 - -2 - -27))
-128
What is the value of (3 - -11 - (-2 + 3)) + -20 - 1?
-8
What is the value of 49 + -13 + -1 + (-134 - -10)?
-89
Evaluate 12 + -41 + (10 + 2 - 79).
-96
Evaluate 4 + -19 + (27 + 3 + -12 - 13).
-10
Calculate -8 + (-7 - -5) + (-16 + -1 - (122 + -129)).
-20
Calculate (28 - (33 - 21)) + -26.
-10
What is 86 + (-13 - 14) - (-4 + -6 + 7 + 4)?
58
What is the value of -9 + 6 + -11 + -72 - (-2 - 17)?
-67
0 + -4 - ((-61 - -65) + 3 + -3 + 19)
-27
What is the value of -18 - (-27 - -13) - -34 - -6?
36
(35 - 1) + (-41 - (-129 + 39)) + -48
35
Evaluate ((4 - (3 - -21)) + (13 - 5) - 63) + -4.
-79
What is the value of (1 + 6 - 0 - (-101 - -111)) + (-12 - 0)?
-15
What is the value of -22 + 23 - ((2 - (-10 + 1)) + 11 + -14)?
-7
Evaluate (43 + -25 - (9 + -17 - -7)) + 79.
98
Calculate 0 - (52 - 109 - (-4 + 5 - (-7 + 2))).
63
0 + 9 - 1 - (0 + -74 + 63)
19
Calculate 13 + (-21 - (26 - 21)) - 72.
-85
Calculate (0 + 5 + 6 - -9) + -4 + (-10 - -10).
16
Calculate 76 - (29 - (64 - 120)).
-9
Evaluate 7 + 23 - ((-13 - -26) + (-28 - 1)).
46
838 + -890 + (92 - -3)
43
(-11 - 5) + (5 - -11) - 8 - 2
-10
(-5 - -2) + -1 + (13 - 14) + -8 + 24
11
What is 14 - (-4 - -36 - (204 - 209))?
-23
Calculate (17 - 9) + -9 + 5 + (2 - 1) + -17.
-12
What is 43 - (-7 + (7 - 2 - (-9 - -7)) - 12)?
55
1 - ((1 - -3) + -30) - (-42 + 31)
38
What is 23 + 45 + -128 + -17?
-77
What is the value of 101 + 9 + 5 - (4 + 17)?
94
What is the value of (84 - 48) + (-8 + 13 - (0 + 4))?
37
What is the value of (89 - (2 + (9 + -5 - 5))) + -39 + 53?
102
-68 + (-43 - -50) + 34
-27
Evaluate 23 + (-34 - -32) + (-81 - 0).
-60
Calculate (689 - 700) + 36 + 4.
29
Evaluate (7 - -10) + 30 - 38.
9
Calculate 10 - (-29 + (-37 - -40)).
36
Evaluate 28 - (-9 - (14 + -28) - 46).
69
Calculate 0 + (11 - (7 + 7)) - (14 + 1).
-18
Evaluate -156 + 193 - (-2 + 2 - (3 - 6)).
34
Calculate -43 + 158 + -67 + -133.
-85
Calculate (-48 - -7) + 7 + 23 + (-8 - -3 - -1).
-15
-209 + (157 - -49) + (-2 + -61 - (1 + -2))
-65
-1 + -43 + (29 - (36 - (0 - -8)))
-43
Calculate 0 + 7 - (-33 + 12 + -2 - (7 + 2)).
39
Calculate (38 - 37) + 14 + (-2 - 9) + 51.
55
Evaluate (-4 - -20 - -17 - 38) + (83 - 4).
74
8 + -22 + 10 + 25 + (10 - -6)
37
-14 + (-35 + 18 - (7 + -4))
-34
-11 - (65 - (620 - 637 - (-1 - 37)))
-55
What is 63 - (23 - (-54 + -25))?
-39
(-2 - (-11 - 1)) + 1 + (50 - 26 - 23)
12
What is 6 - (-12 + (8 - 16 - -8) - (-45 + 1))?
-26
What is (-173 - -187) + (-48 - -14) + 16?
-4
(-12 - (-183 + 198 + -2 + -6)) + -41
-60
What is 16 + ((0 - 1) + -1 - (-30 + 43))?
1
Evaluate ((26 - 16) + -9 - -5) + (0 - -4).
10
-22 - (11 + 15 + (15 + -55 - -16))
-24
Calculate 365 + -360 + 4 + (-2 - 2).
5
Calculate 13 - (90 - (25 + 4) - (1 - -2)).
-45
Evaluate -5 - (-2 - (1 + 1) - ((2 - 15) + 12)).
-2
Evaluate 5 + 1 + -8 - (3 - -1 - (10 - 17)).
-13
What is the value of -53 + 0 - (-335 - -331)?
-49
(-162 - -215) + -97 - (-1 + (0 - 0 - -2))
-45
Evaluate 52 + -40 + -4 - -19 - 171.
-144
Calculate 1 + -18 + (1804 + -1850 - (0 + -61)).
-2
(-7 - ((0 - 20) + 20)) + 42
35
Calculate 10 - ((-18 - 6) + 15 + -23).
42
Evaluate -7 + (32 - 1) - (-7 + 25 - 26).
32
What is the value of (-264 - -262) + (95 - (-4 - (0 - 5))) + -5?
87
What is the value of 3 + 110 + -110 + 0 + 10 + -3 + 34?
44
Calculate (61 - (-5 + 3)) + (-2 - -3) + -2.
62
What is 1 + 4 + -23 - (5 - 23) - 6?
-6
What is the value of 137 - 161 - ((-1 - -1 - 2) + 1)?
-23
Evaluate (-15 - ((18 - 41) + 19)) + -48.
-59
2 - 26 - (-20 - (-24 - (2 + -8)))
-22
What is -15 - (4 + -3) - (-32 + -41)?
57
What is -6 - -2 - (-1 + (6 - 10) + -11 - -15)?
-3
What is 2 + 3 + (-8 - (-9 + 2)) + -95 + -1?
-92
39 - ((1 - -21) + -44 + 37 - (-99 + 122))
47
What is the value of -72 + (2 + -8 + 1 - -13)?
-64
Calculate (-3 - (-19 - (-15 + -2))) + -11.
-12
2 - ((11 - (-16 + 11 + 13)) + -57)
56
Calculate (-32 - -12) + 5 + -3 + 6.
-12
-12 - ((115 - 41) + -50)
-36
Calculate -25 + -78 + 21 + 6 + 7 + -15.
-84
-17 + (-229 + 232 - (0 - (-10 - 2)))
-26
What is the value of (6 - 25) + 9 + -19?
-29
Evaluate 11 - ((-8 - (11 + -29)) + -7).
8
What is (11 - 0 - 17) + (-104 + 176 - (1 - -4))?
61
What is the value of -292 + 360 + (-80 - -2)?
-10
Evaluate (-192 - -263) + (-5 + (-4 - -3) - -4).
69
What is 14 + (-6 - 1) + 52 + 0 + -8?
51
What is the value of (-23 - 11) + 29 - (0 + -48 - (1 + 1))?
45
What is (16 + 18 - 57) + -4 + (1 - 1)?
-27
Evaluate -44 - (-43 + -24) - 1.
22
What is the value of -9 - ((-7 - (95 + 11)) + 7) - (36 - 39)?
100
Evaluate (12 + -18 - (7 - 12)) + (-3 + 22 - 4).
14
Calculate -8 + 1 + -3 + (-9 + 13 + -31 - -14).
-23
What is 40 + 117 + 3 + (-109 - -79)?
130
What is 74 + -47 + 21 - 17?
31
(3 + -1 - 4) + (57 - 116 - -56)
-5
Evaluate 10 + (4 - ((-16 - -35) + -24)).
19
-28 + (3 - (-18 + -25))
18
Calculate (-7 - -1) + 34 - 7 - (-24 + 10).
35
What is the value of 234 + -248 + 9 + -2 + 4?
-3
What is the value of -6 - 3 - (-25 + 58 + -8)?
-34
What is 55 - (54 + (-68 - -103))?
-34
Calculate -18 - (21 + (-12 - (-28 + 23))).
-32
What is the value of (3 + 70 - 74) + -16?
-17
Calculate 106 - 162 - -67 - 79.
-68
Calculate 23 + (47 - (-6 - -41) - (29 + -5)).
11
What is the value of (-1 - (26 + 3)) + -15 + 32 + (15 - 36)?
-34
What is the value of 18 - ((6 - 9) + 27 - 53)?
47
1 + (-3495 - -3527 - (2 + -3 + 22))
12
What is the value of (-1 - -113) + 270 + -81 + -217?
84
Calculate (-2 - (-7 - (-6 + 1))) + -5.
-5
Evaluate (94 - 83) + -6 + (6 + -5 - -3) + 60.
69
Evaluate -19 + (-7 + 15 + -5 - (72 + 3)).
-91
What is (-2 - (11 + 2)) + (-1766 - -1786) - -104?
109
What is the value of 539 + -501 - (-7 - 1 - 2)?
48
55 - ((43 - 4) + -19 + 35 + -69)
69
2 + -21 - (9 - (10 + -13))
-31
Calculate -1 - (-49 + (57 - -87)).
-96
What is the value of 16 + (23 - (60 + (13 - 8)))?
-26
Calculate -26 + (80 - 16) + 13 - 105.
-54
-15 - (-24 + -29 + (-9 - -21))
26
What is (-9 + (7 - 1) - -80) + (-24 - (-7 - 8))?
68
(-55 - -6) + (35 - -3)
-11
-14 - (-4 + 2) - (-38 + 13 + (-39 - -70))
-18
What is the value of 1311 + -1352 - (-2 - (-14 + 2))?
-51
Calculate (-20 - -22) + 184 + -191.
-5
-8 - 1 - (-3 + (19 - -23) + -21)
-27
What is the value of -17 + -5 + (12 - (43 + (-1 - 17)))?
-35
Calculate 63 + 14 + (-32 - -28).
73
Evaluate -60 + 326 - 257 - (0 + -69).
78
What is the value of 42 + -32 + -3 + 12 + -20?
-1
Calculate -6 + -82 + 57 + (-54 - -43).
-42
-37 + 1 + (21 - -58) + -60
-17
What is the value of (0 - -28) + -41 + 26 - (-2 - -37)?
-22
Calculate -44 - (-120 + 106 + 27).
-57
-43 - (-220 + 142) - (-2 + 1)
36
(-10 - -3 - -18) + -1 + 24 + -14
20
Calculate -77 + 162 + 21 + -81.
25
Calculate (-30 - -2) + (245 - 221) + -6.
-10
What is the value of -166 + (252 - 121) - -20?
-15
26 - -3 - (-2 - (-21 - -12))
22
(20 - -9) + 18 - -16
63
What is the value of (19 - 28) + 9 + (25 - -10)?
35
Calculate -21 + (-34 - -37) + -6 + 35.
11
Evaluate 34021 - 34031 - (58 + 1).
-69
What is -761 - -783 - (1 - (2 + 2))?
25
What is (71 + 1 - 1) + (87 + -16 - 74)?
68
Calculate (-4 - 0) + (-1 - -1) - (137 + -219 - -101).
-23
Calculate 0 + -49 + -16 + 17.
-48
What is 15 - (-22 - (-112 - -9))?
-66
What is -19 + 34 - (-11 + (1 - 0))?
25
What is the value of -19 + 15 + (4 - 7) + 2 + (17 - 13)?
-1
What is (-31 - (-8 + -10 - 1)) + (-2 - -6)?
-8
Evaluate 57 - 21 - (24 + 16).
-4
What is 439 - 463 - (-28 + (0 - 2))?
6
14 - (40 - 15) - (4 - 1) - 9